Calculate the greatest common factor of 5463 and r.
9
Let d be 911 + (6 - -24)*(-11)/22. Suppose 0 = -4*y + 12 + 100. Calculate the greatest common divisor of y and d.
28
Suppose i + 2 - 6 = 0, 2*h - 74 = i. Suppose -6202 = -29*y + 1715. Calculate the highest common divisor of h and y.
39
Let o(m) = 62*m + 466. Let t be o(-7). Calculate the greatest common factor of 1328 and t.
16
Let g = -5190 - -5382. Calculate the highest common divisor of 6 and g.
6
Let g(o) be the first derivative of 3*o**2/2 + 17*o + 23. Let f be g(-7). Let l be (-3 - 8/(-4))*f. Calculate the highest common factor of l and 8.
4
Let v = 12 + 0. Let d be 19/76 - (-2)/(-8). Suppose d = 3*s - 2*s - 18. What is the greatest common divisor of s and v?
6
Let n be (-2)/(-3)*3 + 58. Let h be 6/14*-1 + n/(-7). Let q(t) = t**2 + 6*t + 9. Let a be q(h). What is the highest common divisor of 9 and a?
9
Suppose -v + 216 = 3*v. Let q(g) = g**3 + 8*g**2 - g + 54. Let h be q(0). What is the greatest common factor of v and h?
54
Suppose 0 = -5*x + 4*r + 1386, 421*x - 418*x - 3*r = 828. Calculate the greatest common divisor of 94 and x.
94
Let p = -4298 + 4310. Calculate the greatest common divisor of p and 428.
4
Suppose 5*f = -4*d + 1534, 233*d = 2*f + 235*d - 612. Calculate the greatest common factor of f and 70.
10
Let i = -129 - -38. Let k = 131 + i. Let h = k + -32. Calculate the highest common divisor of 56 and h.
8
Let t = -13948 + 20565. Calculate the highest common factor of 13 and t.
13
Let c(h) = -2*h - 10. Let f = 76 + -82. Let i be c(f). Suppose -i*l = 6*l - 2448. Calculate the highest common divisor of l and 34.
34
Let l(u) = u**3 + 5*u**2 - 2*u - 5. Let m be 33/(-6) - 12/(-8). Let v be l(m). What is the highest common divisor of v and 475?
19
Let z = 134 - 110. Let m(l) = -47*l**2 + 26*l**2 + z*l - 51 + 20*l**2. Let q be m(15). What is the greatest common divisor of 12 and q?
12
Let j(u) = -110*u - 154. Let x be j(-3). What is the greatest common divisor of x and 10?
2
Suppose -2*t = 0, -3*i + 3*t + 24 = i. Let r be i*(27/2)/9. Suppose -r*y - 30 = -11*y. Calculate the highest common factor of y and 75.
15
Let x(b) = 3 - 14*b**2 + 2*b**3 - b + 34*b**2 - 30*b**2. Let z be x(6). Calculate the highest common divisor of 115 and z.
23
Let t = -52 + 76. Let f be ((2 - -122) + 3)*1. Suppose 7*n - f = -15. Calculate the greatest common divisor of t and n.
8
Suppose 2*p - 20 = 7*p. Let w be -3 + 0/(p/(-1)) + 7. Calculate the greatest common divisor of w and 1.
1
Let y(t) = -5*t**3 - 57*t**2 - 34*t - 33. Let k be y(-16). What is the highest common divisor of k and 948?
237
Let y(l) = 7*l**2 + 31*l + 44. Let t be y(-2). Suppose 8*o - 30 = 3*o. Let d be (4 + 11)*t/o. What is the greatest common divisor of 5 and d?
5
Let d(h) = -1004*h - 15303. Let l be d(-22). What is the highest common factor of l and 460?
115
Let n(s) = -s**2 - 6*s - 1. Let d be n(-3). Let x = -4 + d. Suppose -x*y - 3*y = -252. What is the greatest common factor of y and 48?
12
Let z = -208 - -264. Calculate the highest common factor of z and 200.
8
Let l = 20782 + -20750. What is the greatest common divisor of l and 580?
4
Suppose -27 + 18 = -3*v, -v = 3*q + 1671. Let y be (2/(-3))/(2/q). Calculate the greatest common divisor of 651 and y.
93
Suppose 3*d + 5*y = 26, 6*d - 3145*y = -3141*y + 80. Let m be (-8 + 7)*14*-4. What is the greatest common divisor of d and m?
4
Suppose 21*t - 37*t = -17*t + 77. What is the greatest common divisor of t and 15323?
77
Suppose 0*o - 2*o + m = 0, 0 = m. Let j be (8/40 - o) + (-4)/(-5). Calculate the highest common factor of j and 13.
1
Suppose -241*o + 202*o + 936 = 0. Let u be (10/(-4) + 1)*74. Let c = 219 + u. Calculate the greatest common divisor of c and o.
12
Let b = -14 - -26. Let n(k) = -2*k**3 - k**2 + 176*k + 658. Let v be n(-4). What is the highest common factor of v and b?
6
Let y = -76 + 69. Let d = y - -16. Calculate the greatest common factor of d and 72.
9
Let i(u) = 11 - u**2 + 17 - 3*u - 11 + 4. Let c be i(-6). Suppose 2*y + 2*q = 44, c*y = -q + 4*q + 42. Calculate the highest common factor of 9 and y.
9
Let s = 489 + -486. Let j be 1/s - 4081/(-159). What is the greatest common divisor of j and 78?
26
Suppose -21*o = -17*o + 4. Let m be o*(1/(4/8) + -23). Let g(h) = 47*h**2 - h - 1. Let b be g(-2). Calculate the highest common divisor of b and m.
21
Suppose -3*r + 4*n = 14, 6*n = 2*r + 2*n + 16. Suppose -2*s + 4*s = r*f - 66, 0 = -5*f + 2*s + 162. What is the highest common factor of f and 704?
32
Suppose -2*m + 2512 = 4*q, -137*m - 3*q + 1257 = -136*m. What is the highest common factor of m and 66?
66
Let s(f) = f**2 - 13*f + 13. Let o be s(12). Suppose -3*c = 15, -3*c = 4*d - 4 - o. Suppose 0 = -d*v + 8*v - 57. What is the highest common factor of 95 and v?
19
Let z(f) = 37*f - 78*f + 34*f - 32. Let h be z(-6). Calculate the highest common factor of h and 250.
10
Suppose -7*j = -12*j + 3510. Suppose 102*t - 96*t = j. Let w(n) = n**2 - n + 13. Let f be w(0). Calculate the highest common divisor of t and f.
13
Let o(p) = 589*p + 1113. Let x be o(0). What is the greatest common factor of 1431 and x?
159
Let x(m) = -65*m - 355. Let p be x(-6). Suppose 5*d = 4*y + p, -3*y = -d - 11 + 7. What is the greatest common divisor of 22 and d?
11
Suppose 4*m - 39 = -w + 16, 5*m - 187 = -4*w. Suppose -4*a - 2*t + 128 = 0, -2*a + 13 + w = 5*t. Calculate the highest common divisor of a and 429.
33
Suppose 0 = -14*t + 28*t + 4004. Let x be t/(-10) - (-42)/(-70). Calculate the highest common factor of 12 and x.
4
Suppose -960 + 271 = -10*c + 1021. Calculate the highest common divisor of 1938 and c.
57
Let s be ((-40)/(-25))/(12/30). Suppose 0 = -4*q - s*p + 84, 3*p - 81 = 11*q - 15*q. Calculate the highest common factor of q and 117.
9
Let s(j) = -j**3 + 18 - 21*j - 2 - 7*j + 3*j + 17*j**2. Let o be s(15). What is the greatest common divisor of o and 13?
13
Suppose -3*m + 2*v = -260, 4*m - 4*v - 11 = 329. Let y(f) = f - 2. Let i be y(7). Let r be 21 - (-3 - (-20)/i). Calculate the greatest common factor of m and r.
10
Let l = 1428 - 922. What is the greatest common divisor of l and 138?
46
Let i(d) = 3*d**3 - 357*d**2 + 362*d + 90. Let y be i(118). What is the greatest common factor of 282 and y?
94
Let i = -21123 - -21180. Calculate the highest common divisor of 27759 and i.
57
Let k = -4449 - -4553. Calculate the highest common factor of k and 80.
8
Suppose -2*f = -2*g + 6104, -5*f - 6104 = -2*g - 4*f. Calculate the greatest common factor of g and 28.
28
Suppose -7*d + 69*d - 26970 = 0. What is the greatest common divisor of d and 6?
3
Let h = -547 - -869. Let s = h + 175. Let j = s + -288. Calculate the highest common factor of 19 and j.
19
Suppose -4*z + 3 + 13 = 0. Suppose z = 2*m - 0*m. Suppose 0 = -3*g + n + 267, 0*n - n + 183 = m*g. What is the highest common factor of g and 18?
18
Suppose 0 = 8*j - 3*j + 5*d - 15, 3*j + d = 11. Suppose -2*k - j*z + z = -21, 4*k - 5*z - 97 = 0. What is the greatest common factor of 4 and k?
2
Suppose 1 + 24 = -5*h, 26 = z - 4*h. Suppose 0 = z*v - 166 - 296. Calculate the greatest common divisor of 33 and v.
11
Let v be -4 + 10 + (9 - -129). Suppose -r + 5*q + 1060 = 2*r, 3*r + q = 1084. What is the highest common divisor of v and r?
72
Let x = 8185 - 8177. What is the highest common factor of x and 836?
4
Let l be (24/(-20))/((-4)/(-100)). Let c be -1*(-48)/l*210/(-4). Suppose 270 = 3*u - 3*d, 0 = u - 2*u - 2*d + c. What is the highest common divisor of 8 and u?
8
Suppose 17*j + 45 = 22*j. Calculate the highest common divisor of 237 and j.
3
Suppose -130*q + 126*q + 1088 = 0. Suppose -93 = -4*j - j + 4*k, -95 = -5*j + 5*k. What is the highest common factor of j and q?
17
Let i = -4293 - -4297. Let t = -2 + 14. Calculate the highest common divisor of t and i.
4
Suppose -522 = -17*r - 70*r. Suppose 0 = 8*h - 3*h - 900. Calculate the highest common divisor of h and r.
6
Let b = 1670 + -1550. What is the highest common factor of 51 and b?
3
Let r(d) = -2*d + 1. Let q(p) = 21*p + 46. Let b(h) = q(h) + 6*r(h). Let n be b(-5). Calculate the greatest common factor of n and 105.
7
Suppose -4*d + 16 = -225*p + 227*p, 0 = p - 2*d - 28. Let r = 49 - 28. Calculate the greatest common divisor of p and r.
3
Let o be (12/(-30))/((-1)/10). Suppose -3*